{"id":1597,"date":"2025-05-22T18:48:07","date_gmt":"2025-05-22T21:48:07","guid":{"rendered":"https:\/\/foxsom.com.br\/novo\/?post_type=product&#038;p=1597"},"modified":"2025-05-30T15:42:34","modified_gmt":"2025-05-30T18:42:34","slug":"encordoamento-giannini-geavva-para-violino-4-4-aluminio-aco","status":"publish","type":"product","link":"https:\/\/foxsom.com.br\/novo\/produto\/encordoamento-giannini-geavva-para-violino-4-4-aluminio-aco\/","title":{"rendered":"Encordoamento Giannini Geavva Para Violino 4\/4 Alum\u00ednio A\u00e7o"},"content":{"rendered":"<p>A s\u00e9rie Arco traz encordoamentos com excelente resposta tonal para o seu instrumento, com timbres claros e cristalinos. Com um n\u00facleo de a\u00e7o revestido em alum\u00ednio, \u00e9 a corda indicada para os m\u00fasicos que buscam um som puro e encorpado.<\/p>\n<p><strong>Caracter\u00edsticas do Produto:<\/strong><\/p>\n<ul>\n<li><strong>Marca:<\/strong> Giannini<\/li>\n<li><strong>Linha:<\/strong> Arco<\/li>\n<li><strong>Modelo:<\/strong> Geavva, 4\/4 Alum\u00ednio A\u00e7o, Tens\u00e3o M\u00e9dia, Violino, Bolinha<\/li>\n<li><strong>Instrumento Recomendado:<\/strong> Violino<\/li>\n<li><strong>Quantidade de Cordas:<\/strong> 4<\/li>\n<li><strong>Materiais:<\/strong> Alum\u00ednio<\/li>\n<li><strong>Tens\u00e3o:<\/strong> M\u00e9dia<\/li>\n<li><strong>Notas:<\/strong> Mi<\/li>\n<li><strong>Escala:<\/strong> 4:4<\/li>\n<\/ul>\n<p><strong>Descri\u00e7\u00e3o Completa:<\/strong><\/p>\n<p>O encordoamento Giannini Geavva para violino 4\/4 oferece um som de alta qualidade e uma excelente durabilidade. Ideal para m\u00fasicos que desejam um timbre atraente e uma performance confi\u00e1vel. \u00c9 um produto fabricado no Brasil e possui o selo de qualidade ISO 9001.<\/p>\n","protected":false},"excerpt":{"rendered":"<p><strong>Encordoamento Giannini Geavva para Violino 4\/4<\/strong><\/p>\n<ul>\n<li><strong>Marca:<\/strong> Giannini<\/li>\n<li><strong>Modelo:<\/strong> Geavva<\/li>\n<li><strong>Tens\u00e3o:<\/strong> M\u00e9dia<\/li>\n<li><strong>Material:<\/strong> Alum\u00ednio com n\u00facleo de a\u00e7o<\/li>\n<li><strong>Quantidade de Cordas:<\/strong> 4<\/li>\n<li><strong>Escala:<\/strong> 4:4<\/li>\n<\/ul>\n<p>Ideal para m\u00fasicos que buscam timbres claros e cristalinos, proporcionando um som puro e encorpado.<\/p>\n","protected":false},"featured_media":1783,"comment_status":"open","ping_status":"closed","template":"","meta":{"_joinchat":[]},"product_brand":[],"product_cat":[45],"product_tag":[],"class_list":{"0":"post-1597","1":"product","2":"type-product","3":"status-publish","4":"has-post-thumbnail","6":"product_cat-violino","8":"first","9":"instock","10":"featured","11":"shipping-taxable","12":"purchasable","13":"product-type-simple"},"_links":{"self":[{"href":"https:\/\/foxsom.com.br\/novo\/wp-json\/wp\/v2\/product\/1597","targetHints":{"allow":["GET"]}}],"collection":[{"href":"https:\/\/foxsom.com.br\/novo\/wp-json\/wp\/v2\/product"}],"about":[{"href":"https:\/\/foxsom.com.br\/novo\/wp-json\/wp\/v2\/types\/product"}],"replies":[{"embeddable":true,"href":"https:\/\/foxsom.com.br\/novo\/wp-json\/wp\/v2\/comments?post=1597"}],"version-history":[{"count":2,"href":"https:\/\/foxsom.com.br\/novo\/wp-json\/wp\/v2\/product\/1597\/revisions"}],"predecessor-version":[{"id":1784,"href":"https:\/\/foxsom.com.br\/novo\/wp-json\/wp\/v2\/product\/1597\/revisions\/1784"}],"wp:featuredmedia":[{"embeddable":true,"href":"https:\/\/foxsom.com.br\/novo\/wp-json\/wp\/v2\/media\/1783"}],"wp:attachment":[{"href":"https:\/\/foxsom.com.br\/novo\/wp-json\/wp\/v2\/media?parent=1597"}],"wp:term":[{"taxonomy":"product_brand","embeddable":true,"href":"https:\/\/foxsom.com.br\/novo\/wp-json\/wp\/v2\/product_brand?post=1597"},{"taxonomy":"product_cat","embeddable":true,"href":"https:\/\/foxsom.com.br\/novo\/wp-json\/wp\/v2\/product_cat?post=1597"},{"taxonomy":"product_tag","embeddable":true,"href":"https:\/\/foxsom.com.br\/novo\/wp-json\/wp\/v2\/product_tag?post=1597"}],"curies":[{"name":"wp","href":"https:\/\/api.w.org\/{rel}","templated":true}]}}