{"id":1697,"date":"2025-05-30T11:30:56","date_gmt":"2025-05-30T14:30:56","guid":{"rendered":"https:\/\/foxsom.com.br\/novo\/?post_type=product&#038;p=1697"},"modified":"2025-05-30T17:52:11","modified_gmt":"2025-05-30T20:52:11","slug":"metronomo-digital-afinador-e-diapasao-csmt-40-custom-sound","status":"publish","type":"product","link":"https:\/\/foxsom.com.br\/novo\/produto\/metronomo-digital-afinador-e-diapasao-csmt-40-custom-sound\/","title":{"rendered":"Metr\u00f4nomo Digital Afinador e Diapas\u00e3o CSMT 40 Custom Sound"},"content":{"rendered":"<p>O Metr\u00f4nomo Digital Afinador e Diapas\u00e3o CSMT 40 Custom Sound \u00e9 um instrumento vers\u00e1til e essencial para m\u00fasicos, ideal para afina\u00e7\u00e3o precisa e manuten\u00e7\u00e3o do tempo durante os ensaios e apresenta\u00e7\u00f5es.<\/p>\n<h3>Caracter\u00edsticas do Produto:<\/h3>\n<ul>\n<li><strong>Marca:<\/strong> Custom Sound<\/li>\n<li><strong>Modelo:<\/strong> CSMT 40<\/li>\n<li><strong>Cor:<\/strong> Preto<\/li>\n<li><strong>Material:<\/strong> Pl\u00e1stico<\/li>\n<li><strong>Fun\u00e7\u00f5es:<\/strong> Afinador, Metr\u00f4nomo e Gerador de Tom<\/li>\n<li><strong>Dimens\u00f5es:<\/strong> 10,13 cm (Comprimento) x 6,3 cm (Altura) x 1,55 cm (Largura)<\/li>\n<\/ul>\n<h3>Detalhes do Afinador:<\/h3>\n<ul>\n<li><strong>Escala de Afina\u00e7\u00e3o:<\/strong> Chromatic, Guitarra, Baixo, Ukulele, Violino<\/li>\n<li><strong>Faixa de Afina\u00e7\u00e3o:<\/strong> A8 (27.50 Hz) &#8211; C8 (4186 Hz)<\/li>\n<li><strong>Calibra\u00e7\u00e3o:<\/strong> 430 &#8211; 450 Hz (passos de 1 Hz)<\/li>\n<li><strong>Precis\u00e3o:<\/strong> +\/- 1 cent<\/li>\n<li><strong>Afina\u00e7\u00e3o Flat:<\/strong> N\/A<\/li>\n<\/ul>\n<h3>Detalhes do Metr\u00f4nomo:<\/h3>\n<ul>\n<li><strong>Batimentos:<\/strong> 0 &#8211; 9<\/li>\n<li><strong>Tempo:<\/strong> 30 &#8211; 250 bpm \/ passo de 1 bpm<\/li>\n<\/ul>\n<h3>Detalhes do Gerador de Tom:<\/h3>\n<ul>\n<li><strong>Tom Padr\u00e3o:<\/strong> 2A ~ 6A<\/li>\n<li><strong>Precis\u00e3o:<\/strong> &lt; 1 \u2030<\/li>\n<\/ul>\n<p>Para guitarras el\u00e9tricas, recomenda-se o uso de um captador para melhor capta\u00e7\u00e3o do som.<\/p>\n","protected":false},"excerpt":{"rendered":"<p>O Metr\u00f4nomo Digital Afinador e Diapas\u00e3o CSMT 40 Custom Sound \u00e9 uma ferramenta essencial para m\u00fasicos que buscam precis\u00e3o na afina\u00e7\u00e3o e controle do tempo. Com um design compacto e moderno, este dispositivo oferece as seguintes funcionalidades:<\/p>\n<ul>\n<li><strong>Afinador:<\/strong> Suporta v\u00e1rias escalas, incluindo crom\u00e1tica, guitarra e violino.<\/li>\n<li><strong>Metr\u00f4nomo:<\/strong> Ajuste de batimentos e tempos entre 30 e 250 bpm.<\/li>\n<li><strong>Gerador de Tom:<\/strong> Oferece tom padr\u00e3o de 2A a 6A com alta precis\u00e3o.<\/li>\n<\/ul>\n<p>Com garantia de 90 dias, este produto \u00e9 ideal para ensaios e apresenta\u00e7\u00f5es musicais.<\/p>\n","protected":false},"featured_media":1698,"comment_status":"open","ping_status":"closed","template":"","meta":{"_joinchat":[]},"product_brand":[],"product_cat":[15],"product_tag":[],"class_list":{"0":"post-1697","1":"product","2":"type-product","3":"status-publish","4":"has-post-thumbnail","6":"product_cat-sem-categoria","8":"first","9":"instock","10":"featured","11":"shipping-taxable","12":"purchasable","13":"product-type-simple"},"_links":{"self":[{"href":"https:\/\/foxsom.com.br\/novo\/wp-json\/wp\/v2\/product\/1697","targetHints":{"allow":["GET"]}}],"collection":[{"href":"https:\/\/foxsom.com.br\/novo\/wp-json\/wp\/v2\/product"}],"about":[{"href":"https:\/\/foxsom.com.br\/novo\/wp-json\/wp\/v2\/types\/product"}],"replies":[{"embeddable":true,"href":"https:\/\/foxsom.com.br\/novo\/wp-json\/wp\/v2\/comments?post=1697"}],"version-history":[{"count":2,"href":"https:\/\/foxsom.com.br\/novo\/wp-json\/wp\/v2\/product\/1697\/revisions"}],"predecessor-version":[{"id":1871,"href":"https:\/\/foxsom.com.br\/novo\/wp-json\/wp\/v2\/product\/1697\/revisions\/1871"}],"wp:featuredmedia":[{"embeddable":true,"href":"https:\/\/foxsom.com.br\/novo\/wp-json\/wp\/v2\/media\/1698"}],"wp:attachment":[{"href":"https:\/\/foxsom.com.br\/novo\/wp-json\/wp\/v2\/media?parent=1697"}],"wp:term":[{"taxonomy":"product_brand","embeddable":true,"href":"https:\/\/foxsom.com.br\/novo\/wp-json\/wp\/v2\/product_brand?post=1697"},{"taxonomy":"product_cat","embeddable":true,"href":"https:\/\/foxsom.com.br\/novo\/wp-json\/wp\/v2\/product_cat?post=1697"},{"taxonomy":"product_tag","embeddable":true,"href":"https:\/\/foxsom.com.br\/novo\/wp-json\/wp\/v2\/product_tag?post=1697"}],"curies":[{"name":"wp","href":"https:\/\/api.w.org\/{rel}","templated":true}]}}