{"id":1717,"date":"2025-05-30T11:58:27","date_gmt":"2025-05-30T14:58:27","guid":{"rendered":"https:\/\/foxsom.com.br\/novo\/?post_type=product&#038;p=1717"},"modified":"2025-05-30T18:13:07","modified_gmt":"2025-05-30T21:13:07","slug":"captador-para-violao-studio-pro-6-cordas-aco-com-jack-tron","status":"publish","type":"product","link":"https:\/\/foxsom.com.br\/novo\/produto\/captador-para-violao-studio-pro-6-cordas-aco-com-jack-tron\/","title":{"rendered":"Captador para Viol\u00e3o Studio Pro 6 Cordas A\u00e7o com Jack Tron"},"content":{"rendered":"<p>O Captador para Viol\u00e3o Studio Pro 6 Cordas A\u00e7o com Jack Tron \u00e9 f\u00e1cil de instalar e foi desenvolvido e testado para oferecer caracter\u00edsticas sonoras equivalentes aos melhores captadores do mundo. Alia sua simplicidade de instala\u00e7\u00e3o a um baixo custo, proporcionando alto desempenho e grande defini\u00e7\u00e3o em todos os pontos da escala.<\/p>\n<h3>Caracter\u00edsticas do produto:<\/h3>\n<ul>\n<li><strong>Marca:<\/strong> Tron<\/li>\n<li><strong>Modelo:<\/strong> Studio Pro<\/li>\n<li><strong>Indica\u00e7\u00e3o:<\/strong> Viol\u00e3o A\u00e7o<\/li>\n<li><strong>Jack para plug:<\/strong> P10<\/li>\n<li><strong>Captador:<\/strong> Rastilho<\/li>\n<li><strong>Comprimento do rastilho:<\/strong> 73mm<\/li>\n<li><strong>Largura do rastilho:<\/strong> 6,9mm<\/li>\n<li><strong>Comprimento do encaixe:<\/strong> 65,5mm<\/li>\n<li><strong>Largura do encaixe:<\/strong> 2mm<\/li>\n<li><strong>Altura do encaixe:<\/strong> 2mm<\/li>\n<li><strong>Comprimento do cabo:<\/strong> 32cm<\/li>\n<\/ul>\n","protected":false},"excerpt":{"rendered":"<p>O Captador para Viol\u00e3o Studio Pro 6 Cordas A\u00e7o com Jack Tron proporciona instala\u00e7\u00e3o f\u00e1cil e desempenho sonoro de alta qualidade. Ideal para viol\u00f5es de a\u00e7o, combina simplicidade e baixo custo para uma experi\u00eancia sonora excepcional.<\/p>\n<h4>Caracter\u00edsticas:<\/h4>\n<ul>\n<li><strong>Marca:<\/strong> Tron<\/li>\n<li><strong>Modelo:<\/strong> Studio Pro<\/li>\n<li><strong>Jack:<\/strong> P10<\/li>\n<li><strong>Comprimento do rastilho:<\/strong> 73mm<\/li>\n<\/ul>\n","protected":false},"featured_media":1718,"comment_status":"open","ping_status":"closed","template":"","meta":{"_joinchat":[]},"product_brand":[],"product_cat":[28],"product_tag":[],"class_list":{"0":"post-1717","1":"product","2":"type-product","3":"status-publish","4":"has-post-thumbnail","6":"product_cat-violao","8":"first","9":"instock","10":"featured","11":"shipping-taxable","12":"purchasable","13":"product-type-simple"},"_links":{"self":[{"href":"https:\/\/foxsom.com.br\/novo\/wp-json\/wp\/v2\/product\/1717","targetHints":{"allow":["GET"]}}],"collection":[{"href":"https:\/\/foxsom.com.br\/novo\/wp-json\/wp\/v2\/product"}],"about":[{"href":"https:\/\/foxsom.com.br\/novo\/wp-json\/wp\/v2\/types\/product"}],"replies":[{"embeddable":true,"href":"https:\/\/foxsom.com.br\/novo\/wp-json\/wp\/v2\/comments?post=1717"}],"version-history":[{"count":2,"href":"https:\/\/foxsom.com.br\/novo\/wp-json\/wp\/v2\/product\/1717\/revisions"}],"predecessor-version":[{"id":1895,"href":"https:\/\/foxsom.com.br\/novo\/wp-json\/wp\/v2\/product\/1717\/revisions\/1895"}],"wp:featuredmedia":[{"embeddable":true,"href":"https:\/\/foxsom.com.br\/novo\/wp-json\/wp\/v2\/media\/1718"}],"wp:attachment":[{"href":"https:\/\/foxsom.com.br\/novo\/wp-json\/wp\/v2\/media?parent=1717"}],"wp:term":[{"taxonomy":"product_brand","embeddable":true,"href":"https:\/\/foxsom.com.br\/novo\/wp-json\/wp\/v2\/product_brand?post=1717"},{"taxonomy":"product_cat","embeddable":true,"href":"https:\/\/foxsom.com.br\/novo\/wp-json\/wp\/v2\/product_cat?post=1717"},{"taxonomy":"product_tag","embeddable":true,"href":"https:\/\/foxsom.com.br\/novo\/wp-json\/wp\/v2\/product_tag?post=1717"}],"curies":[{"name":"wp","href":"https:\/\/api.w.org\/{rel}","templated":true}]}}