{"id":1967,"date":"2025-06-03T17:27:25","date_gmt":"2025-06-03T20:27:25","guid":{"rendered":"https:\/\/foxsom.com.br\/novo\/?post_type=product&#038;p=1967"},"modified":"2025-06-03T17:27:26","modified_gmt":"2025-06-03T20:27:26","slug":"encordoamento-guitarra-giannini-canario-gesgt10-aco-0-010","status":"publish","type":"product","link":"https:\/\/foxsom.com.br\/novo\/produto\/encordoamento-guitarra-giannini-canario-gesgt10-aco-0-010\/","title":{"rendered":"Encordoamento Guitarra Giannini Can\u00e1rio GESGT10 A\u00e7o 0.010"},"content":{"rendered":"<h4 class=\"WjNdTR\">Descri\u00e7\u00e3o do produto<\/h4>\n<p>Kit 3 Encordoamento Guitarra Giannini Can\u00e1rio GESGT10 A\u00e7o 0.010A s\u00e9rie Can\u00e1rio da Giannini \u00e9 uma das mais tradicionais e populares da marca, especialmente o encordoamento\u00a0para\u00a0guitarra GESGT10. Este encordoamento possui seis cordas e \u00e9 constru\u00eddo com um n\u00facleo de a\u00e7o hexagonal arredondado estanhado, revestido com uma liga de a\u00e7o inox 430SS. Ele oferece o melhor custo-benef\u00edcio sem comprometer a qualidade ou o timbre do som da guitarra.<\/p>\n<p>Al\u00e9m disso, o encordoamento Giannini Can\u00e1rio GESGT10 \u00e9 certificado com o selo de qualidade ISO 9001. Essa certifica\u00e7\u00e3o garante que todo o processo de produ\u00e7\u00e3o, desde a sele\u00e7\u00e3o de mat\u00e9ria-prima e\u00a0fornecedores\u00a0at\u00e9 a distribui\u00e7\u00e3o do produto, est\u00e1 de acordo com normas e regras que visam garantir a qualidade final do encordoamento.<\/p>\n<p>Especifica\u00e7\u00f5es: Marca: Giannini Modelo: GESGT10 Fabrica\u00e7\u00e3o: Brasil Alma: A\u00e7o Revestimento: N\u00edquel Quantidade de cordas: 6\u00a0cordas Acabamento: Bolinha Comprimento de escala: 648 mm \/ 25 1\/2 \u00a0Inch A: 0.010; 0.013; 0.017; 0.026; 0.036; 0.046<\/p>\n","protected":false},"excerpt":{"rendered":"<p>Encordoamentos Giannini Can\u00e1rio GESGT10, ideais para guitarra. Cordas de a\u00e7o com n\u00facleo hexagonal e revestimento em a\u00e7o inox 430SS que garantem durabilidade, \u00f3timo timbre e excelente custo-benef\u00edcio. Certificado ISO 9001, produzido no Brasil.<\/p>\n","protected":false},"featured_media":1968,"comment_status":"open","ping_status":"closed","template":"","meta":{"_joinchat":[]},"product_brand":[],"product_cat":[21,29],"product_tag":[],"class_list":{"0":"post-1967","1":"product","2":"type-product","3":"status-publish","4":"has-post-thumbnail","6":"product_cat-cordas","7":"product_cat-guitarra","9":"first","10":"instock","11":"shipping-taxable","12":"purchasable","13":"product-type-simple"},"_links":{"self":[{"href":"https:\/\/foxsom.com.br\/novo\/wp-json\/wp\/v2\/product\/1967","targetHints":{"allow":["GET"]}}],"collection":[{"href":"https:\/\/foxsom.com.br\/novo\/wp-json\/wp\/v2\/product"}],"about":[{"href":"https:\/\/foxsom.com.br\/novo\/wp-json\/wp\/v2\/types\/product"}],"replies":[{"embeddable":true,"href":"https:\/\/foxsom.com.br\/novo\/wp-json\/wp\/v2\/comments?post=1967"}],"version-history":[{"count":1,"href":"https:\/\/foxsom.com.br\/novo\/wp-json\/wp\/v2\/product\/1967\/revisions"}],"predecessor-version":[{"id":1969,"href":"https:\/\/foxsom.com.br\/novo\/wp-json\/wp\/v2\/product\/1967\/revisions\/1969"}],"wp:featuredmedia":[{"embeddable":true,"href":"https:\/\/foxsom.com.br\/novo\/wp-json\/wp\/v2\/media\/1968"}],"wp:attachment":[{"href":"https:\/\/foxsom.com.br\/novo\/wp-json\/wp\/v2\/media?parent=1967"}],"wp:term":[{"taxonomy":"product_brand","embeddable":true,"href":"https:\/\/foxsom.com.br\/novo\/wp-json\/wp\/v2\/product_brand?post=1967"},{"taxonomy":"product_cat","embeddable":true,"href":"https:\/\/foxsom.com.br\/novo\/wp-json\/wp\/v2\/product_cat?post=1967"},{"taxonomy":"product_tag","embeddable":true,"href":"https:\/\/foxsom.com.br\/novo\/wp-json\/wp\/v2\/product_tag?post=1967"}],"curies":[{"name":"wp","href":"https:\/\/api.w.org\/{rel}","templated":true}]}}