{"id":2242,"date":"2025-06-16T17:21:37","date_gmt":"2025-06-16T20:21:37","guid":{"rendered":"https:\/\/foxsom.com.br\/novo\/?post_type=product&#038;p=2242"},"modified":"2025-09-04T15:27:48","modified_gmt":"2025-09-04T18:27:48","slug":"violao-strinberg-berlin-be30c-eletrico","status":"publish","type":"product","link":"https:\/\/foxsom.com.br\/novo\/produto\/violao-strinberg-berlin-be30c-eletrico\/","title":{"rendered":"Viol\u00e3o Strinberg Berlin BE30C El\u00e9trico"},"content":{"rendered":"<h3>Descri\u00e7\u00e3o do Produto<\/h3>\n<p>O Viol\u00e3o Strinberg Berlin BE30C El\u00e9trico \u00e9 um instrumento que combina qualidade e estilo, perfeito para m\u00fasicos que procuram um viol\u00e3o eletroac\u00fastico de alto desempenho.<\/p>\n<h3>Caracter\u00edsticas Gerais<\/h3>\n<ul>\n<li><strong>Modelo:<\/strong> BE30C<\/li>\n<li><strong>Tipo:<\/strong> Viol\u00e3o Eletroac\u00fastico<\/li>\n<li><strong>Cor:<\/strong> Pink (PK)<\/li>\n<li><strong>Acabamento:<\/strong> Brilhante<\/li>\n<li><strong>Formato do Corpo:<\/strong> Art\u00edstico com Cutaway<\/li>\n<li><strong>Encordoamento:<\/strong> A\u00e7o \u2013 .011 \/ .048<\/li>\n<li><strong>N\u00famero de Cordas:<\/strong> 6<\/li>\n<li><strong>Madeira de Bra\u00e7o:<\/strong> Nato<\/li>\n<li><strong>Madeira de Tampo:<\/strong> Spruce Laminado<\/li>\n<li><strong>Madeira da Lateral:<\/strong> Agathis Laminado<\/li>\n<li><strong>Madeira de Fundo:<\/strong> Agathis Laminado<\/li>\n<li><strong>Cavalete:<\/strong> Blackwood<\/li>\n<li><strong>Escala:<\/strong> Blackwood<\/li>\n<li><strong>Tensor:<\/strong> Sim, Bilateral<\/li>\n<li><strong>Nut (Capo Traste):<\/strong> 43mm<\/li>\n<li><strong>N\u00famero de Trastes:<\/strong> 20<\/li>\n<li><strong>Marca\u00e7\u00f5es:<\/strong> Dots<\/li>\n<li><strong>Tarraxas:<\/strong> Blindadas Cromadas<\/li>\n<li><strong>Escudo:<\/strong> N\/A<\/li>\n<li><strong>Empunhadura \/ M\u00e3o:<\/strong> Destro<\/li>\n<li><strong>Pr\u00e9:<\/strong> SE-40<\/li>\n<li><strong>Capta\u00e7\u00e3o:<\/strong> Piezo<\/li>\n<li><strong>Alimenta\u00e7\u00e3o:<\/strong> Bateria 9V<\/li>\n<li><strong>Jack:<\/strong> P10 \/ XLR (Balanceada)<\/li>\n<li><strong>Controles do Pr\u00e9:<\/strong> Volume, Grave, M\u00e9dio, Agudo, Phase, Afinador e Check Bateria.<\/li>\n<\/ul>\n<h3>Conte\u00fado da Embalagem<\/h3>\n<ul>\n<li>01 Viol\u00e3o Strinberg Berlin BE30C El\u00e9trico<\/li>\n<\/ul>\n<p>Aten\u00e7\u00e3o: as cores do produto podem sofrer altera\u00e7\u00f5es devido \u00e0 qualidade da imagem. Imagens meramente ilustrativas, produto sujeito a altera\u00e7\u00e3o sem aviso pr\u00e9vio.<\/p>\n<p>&nbsp;<\/p>\n","protected":false},"excerpt":{"rendered":"<p>O Viol\u00e3o Strinberg Berlin BE30C El\u00e9trico \u00e9 ideal para m\u00fasicos que buscam um instrumento de alta qualidade e estilo. Com um acabamento brilhante, ele apresenta:<\/p>\n<ul>\n<li><strong>Modelo:<\/strong> BE30C<\/li>\n<li><strong>Cor:<\/strong> Pink (PK)<\/li>\n<li><strong>Formato:<\/strong> Art\u00edstico com Cutaway<\/li>\n<li><strong>Madeira do Bra\u00e7o:<\/strong> Nato<\/li>\n<li><strong>Madeira do Tampo:<\/strong> Spruce Laminado<\/li>\n<li><strong>Capta\u00e7\u00e3o:<\/strong> Piezo<\/li>\n<li><strong>Controles do Pr\u00e9:<\/strong> Volume, Grave, M\u00e9dio, Agudo, e mais.<\/li>\n<\/ul>\n<p>Inclui 1 Viol\u00e3o e \u00e9 ideal para quem busca sonoridade e praticidade.<\/p>\n<p>&nbsp;<\/p>\n","protected":false},"featured_media":2576,"comment_status":"open","ping_status":"closed","template":"","meta":{"_joinchat":[]},"product_brand":[],"product_cat":[28],"product_tag":[],"class_list":{"0":"post-2242","1":"product","2":"type-product","3":"status-publish","4":"has-post-thumbnail","6":"product_cat-violao","8":"first","9":"instock","10":"featured","11":"shipping-taxable","12":"purchasable","13":"product-type-simple"},"_links":{"self":[{"href":"https:\/\/foxsom.com.br\/novo\/wp-json\/wp\/v2\/product\/2242","targetHints":{"allow":["GET"]}}],"collection":[{"href":"https:\/\/foxsom.com.br\/novo\/wp-json\/wp\/v2\/product"}],"about":[{"href":"https:\/\/foxsom.com.br\/novo\/wp-json\/wp\/v2\/types\/product"}],"replies":[{"embeddable":true,"href":"https:\/\/foxsom.com.br\/novo\/wp-json\/wp\/v2\/comments?post=2242"}],"version-history":[{"count":2,"href":"https:\/\/foxsom.com.br\/novo\/wp-json\/wp\/v2\/product\/2242\/revisions"}],"predecessor-version":[{"id":2299,"href":"https:\/\/foxsom.com.br\/novo\/wp-json\/wp\/v2\/product\/2242\/revisions\/2299"}],"wp:featuredmedia":[{"embeddable":true,"href":"https:\/\/foxsom.com.br\/novo\/wp-json\/wp\/v2\/media\/2576"}],"wp:attachment":[{"href":"https:\/\/foxsom.com.br\/novo\/wp-json\/wp\/v2\/media?parent=2242"}],"wp:term":[{"taxonomy":"product_brand","embeddable":true,"href":"https:\/\/foxsom.com.br\/novo\/wp-json\/wp\/v2\/product_brand?post=2242"},{"taxonomy":"product_cat","embeddable":true,"href":"https:\/\/foxsom.com.br\/novo\/wp-json\/wp\/v2\/product_cat?post=2242"},{"taxonomy":"product_tag","embeddable":true,"href":"https:\/\/foxsom.com.br\/novo\/wp-json\/wp\/v2\/product_tag?post=2242"}],"curies":[{"name":"wp","href":"https:\/\/api.w.org\/{rel}","templated":true}]}}