{"id":2290,"date":"2025-06-17T07:55:08","date_gmt":"2025-06-17T10:55:08","guid":{"rendered":"https:\/\/foxsom.com.br\/novo\/?post_type=product&#038;p=2290"},"modified":"2025-06-23T10:37:59","modified_gmt":"2025-06-23T13:37:59","slug":"guitarra-strinberg-telecaster-thinline-sgs210t-natural","status":"publish","type":"product","link":"https:\/\/foxsom.com.br\/novo\/produto\/guitarra-strinberg-telecaster-thinline-sgs210t-natural\/","title":{"rendered":"Guitarra Strinberg Telecaster Thinline SGS210T Natural"},"content":{"rendered":"<p>A Strinberg projeta instrumentos de cordas com um estilo original que combina m\u00fasica e cultura brasileira com a excel\u00eancia norte-americana. Trabalha com elevados padr\u00f5es de qualidade e oferece uma ampla gama de produtos para pessoas amadoras e profissionais.<\/p>\n<h2>Uma forma para cada estilo musical<\/h2>\n<p>Com esta Telecaster, toque as melhores can\u00e7\u00f5es country e de rock. Possui dois captadores que t\u00eam um design quase microf\u00f4nico e permitem capturar com riqueza todas as nuances e harm\u00f4nicos. \u00c9 um instrumento de grande car\u00e1ter, eficaz e eficiente. Sem d\u00favida, sua maior refer\u00eancia \u00e9 o Keith Richards, dos Rolling Stones, por isso muitos a associam ao estilo Stone.<\/p>\n<h2>Caracter\u00edsticas do Produto<\/h2>\n<ul>\n<li><strong>Tipo de madeira do corpo:<\/strong> Alder<\/li>\n<li><strong>Acabamento do corpo:<\/strong> Brilhante<\/li>\n<li><strong>Orienta\u00e7\u00e3o da m\u00e3o:<\/strong> Destro<\/li>\n<li><strong>Quantidade de cordas:<\/strong> 6<\/li>\n<li><strong>Quantidade de trastes:<\/strong> 22<\/li>\n<li><strong>Tipo de ponte:<\/strong> Fixa 6 saddles<\/li>\n<li><strong>Tipos de captadores:<\/strong> Humbucker<\/li>\n<li><strong>Tipo de captador do bra\u00e7o:<\/strong> Humbucker Passivo<\/li>\n<li><strong>Tipo de captador da ponte:<\/strong> Humbucker Passivo<\/li>\n<li><strong>Modelo:<\/strong> SGS210T Natural<\/li>\n<li><strong>Ano de lan\u00e7amento:<\/strong> 2024<\/li>\n<\/ul>\n<p>Chegar\u00e1 gr\u00e1tis entre quinta-feira e sexta-feira.<\/p>\n<p>&nbsp;<\/p>\n","protected":false},"excerpt":{"rendered":"<p>A Guitarra Strinberg Telecaster Thinline SGS210T \u00e9 um instrumento de cordas projetado com um estilo original que une a cultura brasileira \u00e0 excel\u00eancia musical. Ideal para tocar can\u00e7\u00f5es country e rock, este modelo se destaca por:<\/p>\n<ul>\n<li><strong>Corpo em Alder<\/strong> com acabamento brilhante.<\/li>\n<li><strong>6 cordas<\/strong> e <strong>22 trastes<\/strong> para uma experi\u00eancia completa.<\/li>\n<li>Equipado com <strong>captadores Humbucker<\/strong> que proporcionam ricas nuances sonoras.<\/li>\n<li>Orienta\u00e7\u00e3o da m\u00e3o: <strong>destro<\/strong>.<\/li>\n<\/ul>\n<p>Descubra a qualidade e o car\u00e1ter que fazem dessa guitarra uma escolha perfeita para m\u00fasicos profissionais e amadores.<\/p>\n<p>&nbsp;<\/p>\n","protected":false},"featured_media":2339,"comment_status":"open","ping_status":"closed","template":"","meta":{"_joinchat":[]},"product_brand":[],"product_cat":[29],"product_tag":[],"class_list":{"0":"post-2290","1":"product","2":"type-product","3":"status-publish","4":"has-post-thumbnail","6":"product_cat-guitarra","8":"first","9":"instock","10":"featured","11":"shipping-taxable","12":"purchasable","13":"product-type-simple"},"_links":{"self":[{"href":"https:\/\/foxsom.com.br\/novo\/wp-json\/wp\/v2\/product\/2290","targetHints":{"allow":["GET"]}}],"collection":[{"href":"https:\/\/foxsom.com.br\/novo\/wp-json\/wp\/v2\/product"}],"about":[{"href":"https:\/\/foxsom.com.br\/novo\/wp-json\/wp\/v2\/types\/product"}],"replies":[{"embeddable":true,"href":"https:\/\/foxsom.com.br\/novo\/wp-json\/wp\/v2\/comments?post=2290"}],"version-history":[{"count":1,"href":"https:\/\/foxsom.com.br\/novo\/wp-json\/wp\/v2\/product\/2290\/revisions"}],"predecessor-version":[{"id":2314,"href":"https:\/\/foxsom.com.br\/novo\/wp-json\/wp\/v2\/product\/2290\/revisions\/2314"}],"wp:featuredmedia":[{"embeddable":true,"href":"https:\/\/foxsom.com.br\/novo\/wp-json\/wp\/v2\/media\/2339"}],"wp:attachment":[{"href":"https:\/\/foxsom.com.br\/novo\/wp-json\/wp\/v2\/media?parent=2290"}],"wp:term":[{"taxonomy":"product_brand","embeddable":true,"href":"https:\/\/foxsom.com.br\/novo\/wp-json\/wp\/v2\/product_brand?post=2290"},{"taxonomy":"product_cat","embeddable":true,"href":"https:\/\/foxsom.com.br\/novo\/wp-json\/wp\/v2\/product_cat?post=2290"},{"taxonomy":"product_tag","embeddable":true,"href":"https:\/\/foxsom.com.br\/novo\/wp-json\/wp\/v2\/product_tag?post=2290"}],"curies":[{"name":"wp","href":"https:\/\/api.w.org\/{rel}","templated":true}]}}